rue
Does 57 divide 4218?
True
Does 84 divide 504?
True
Is 3237 a multiple of 13?
True
Is 5429 a multiple of 61?
True
Does 6 divide 662?
False
Does 15 divide 5520?
True
Does 3 divide 1375?
False
Is 10360 a multiple of 296?
True
Does 39 divide 10095?
False
Is 4106 a multiple of 14?
False
Is 585 a multiple of 27?
False
Is 17 a factor of 5202?
True
Does 49 divide 4927?
False
Does 27 divide 756?
True
Is 14 a factor of 487?
False
Is 14 a factor of 1022?
True
Does 5 divide 234?
False
Is 247 a multiple of 4?
False
Does 30 divide 24773?
False
Is 8 a factor of 5800?
True
Is 7071 a multiple of 41?
False
Does 21 divide 1643?
False
Is 3182 a multiple of 37?
True
Is 1094 a multiple of 20?
False
Is 7 a factor of 39?
False
Is 12 a factor of 5832?
True
Is 2695 a multiple of 12?
False
Is 25 a factor of 825?
True
Is 10 a factor of 4089?
False
Is 990 a multiple of 19?
False
Does 7 divide 11564?
True
Is 70 a factor of 3850?
True
Is 18 a factor of 167?
False
Is 375 a multiple of 6?
False
Is 19 a factor of 1707?
False
Is 7410 a multiple of 26?
True
Does 2 divide 7018?
True
Is 1111 a multiple of 45?
False
Is 26 a factor of 2210?
True
Is 39 a factor of 13808?
False
Is 11 a factor of 16434?
True
Is 6368 a multiple of 86?
False
Does 20 divide 640?
True
Does 23 divide 851?
True
Is 220 a multiple of 22?
True
Does 18 divide 5386?
False
Is 576 a multiple of 9?
True
Does 324 divide 95580?
True
Does 61 divide 4819?
True
Is 15744 a multiple of 16?
True
Is 22380 a multiple of 5?
True
Is 3476 a multiple of 22?
True
Does 32 divide 123?
False
Does 16 divide 4016?
True
Is 990 a multiple of 22?
True
Does 8 divide 37920?
True
Is 59 a factor of 8809?
False
Does 44 divide 1540?
True
Is 90 a factor of 795?
False
Does 23 divide 1012?
True
Is 8364 a multiple of 41?
True
Does 49 divide 147?
True
Does 19 divide 190?
True
Is 14 a factor of 4051?
False
Does 36 divide 13967?
False
Is 27 a factor of 453?
False
Is 4566 a multiple of 6?
True
Is 20 a factor of 201?
False
Does 12 divide 58560?
True
Does 9 divide 923?
False
Is 1301 a multiple of 30?
False
Is 559 a multiple of 32?
False
Does 6 divide 48?
True
Is 10288 a multiple of 132?
False
Is 34 a factor of 3604?
True
Is 3 a factor of 390?
True
Is 120 a multiple of 5?
True
Does 9 divide 1791?
True
Is 26 a factor of 7404?
False
Is 6104 a multiple of 26?
False
Does 234 divide 62116?
False
Does 12 divide 900?
True
Is 18 a factor of 2178?
True
Is 25000 a multiple of 25?
True
Is 13 a factor of 660?
False
Does 13 divide 1996?
False
Does 46 divide 3172?
False
Is 6519 a multiple of 41?
True
Does 3 divide 205?
False
Does 41 divide 16032?
False
Is 3757 a multiple of 51?
False
Does 13 divide 9360?
True
Does 43 divide 22360?
True
Is 111 a factor of 18684?
False
Does 40 divide 21939?
False
Is 4402 a multiple of 18?
False
Is 14 a factor of 1432?
False
Is 264 a multiple of 22?
True
Is 402 a multiple of 45?
False
Is 3 a factor of 180?
True
Is 13 a factor of 444?
False
Is 2033 a multiple of 107?
True
Is 1925 a multiple of 10?
False
Is 378 a multiple of 27?
True
Is 46 a factor of 4830?
True
Does 34 divide 13414?
False
Is 48 a factor of 8925?
False
Is 191 a factor of 2769?
False
Is 78 a factor of 3613?
False
Is 49 a factor of 461?
False
Is 1100 a multiple of 55?
True
Does 11 divide 748?
True
Is 4 a factor of 126?
False
Does 14 divide 770?
True
Is 2 a factor of 604?
True
Does 5 divide 1715?
True
Is 87 a factor of 2436?
True
Does 11 divide 2552?
True
Is 139697 a multiple of 14?
False
Is 834 a multiple of 18?
False
Is 15442 a multiple of 14?
True
Is 3444 a multiple of 11?
False
Is 4314 a multiple of 6?
True
Does 20 divide 1200?
True
Does 8 divide 528?
True
Does 58 divide 3627?
False
Does 129 divide 40377?
True
Does 35 divide 525?
True
Does 3 divide 666?
True
Is 700 a multiple of 28?
True
Does 20 divide 3760?
True
Is 583 a multiple of 19?
False
Does 3 divide 17527?
False
Is 3 a factor of 65?
False
Is 1064 a multiple of 8?
True
Is 16786 a multiple of 22?
True
Does 5 divide 428?
False
Does 14 divide 11970?
True
Does 5 divide 315?
True
Is 76616 a multiple of 190?
False
Does 53 divide 11842?
False
Is 23 a factor of 1610?
True
Is 242 a multiple of 8?
False
Is 19 a factor of 13224?
True
Does 11 divide 718?
False
Is 1218 a multiple of 24?
False
Does 28 divide 1348?
False
Is 11 a factor of 543?
False
Is 15 a factor of 7713?
False
Is 33642 a multiple of 269?
False
Is 1935 a multiple of 5?
True
Is 10087 a multiple of 69?
False
Is 13 a factor of 78?
True
Is 28 a factor of 9468?
False
Is 9 a factor of 117?
True
Does 19 divide 1104?
False
Is 19422 a multiple of 13?
True
Is 3300 even?
True
Is 20 a factor of 594?
False
Does 44 divide 572?
True
Does 31 divide 6754?
False
Is 2163 a multiple of 103?
True
Does 6 divide 250?
False
Does 13 divide 40285?
False
Is 38 a factor of 7182?
True
Does 110 divide 59290?
True
Is 3119 a multiple of 102?
False
Is 37 a factor of 717?
False
Is 22 a factor of 242?
True
Is 2970 a multiple of 33?
True
Does 51 divide 651?
False
Is 1380 a multiple of 12?
True
Is 82 a factor of 2132?
True
Is 49 a factor of 61250?
True
Is 254 a multiple of 6?
False
Does 47 divide 13818?
True
Is 28 a factor of 4906?
False
Is 425 a multiple of 17?
True
Is 26 a factor of 234?
True
Is 41 a multiple of 2?
False
Is 110 a factor of 14709?
False
Is 2 a factor of 65?
False
Is 63 a factor of 33317?
False
Does 19 divide 3930?
False
Is 404 a multiple of 26?
False
Is 26608 a multiple of 92?
False
Is 1326 a multiple of 34?
True
Is 62 a multiple of 36?
False
Is 2580 a multiple of 30?
True
Does 52 divide 42004?
False
Is 5 a factor of 430?
True
Does 115 divide 1955?
True
Is 247 a multiple of 19?
True
Is 2352 a multiple of 28?
True
Does 15 divide 3765?
True
Is 2880 a multiple of 53?
False
Does 8 divide 6048?
True
Is 7 a factor of 35?
True
Does 22 divide 61094?
True
Does 9 divide 1755?
True
Does 18 divide 52?
False
Does 146 divide 12835?
False
Is 2865 a multiple of 71?
False
Is 56 a factor of 10752?
True
Is 151 a multiple of 7?
False
Is 36 a factor of 1329?
False
Is 495 a multiple of 15?
True
Does 97 divide 1746?
True
Is 64 a factor of 1113?
False
Is 6804 a multiple of 54?
True
Is 80 a factor of 3120?
True
Is 14738 a multiple of 23?
False
Does 44 divide 27104?
True
Is 62 a factor of 27110?
False
Is 52 a factor of 832?
True
Is 2285 a multiple of 52?
False
Does 68 divide 6732?
True
Does 33 divide 5515?
False
Is 8 a factor of 6096?
True
Is 1451 a multiple of 18?
False
Does 12 divide 3672?
True
Is 484 a factor of 118669?
False
Is 61 a factor of 1952?
True
Is 500 a multiple of 20?
True
Does 24 divide 984?
True
Is 131 a factor of 3047?
False
Does 48 divide 5088?
True
Is 12 a factor of 85340?
False
Is 4 a factor of 252?
True
Does 9 divide 3030?
False
Does 15 divide 270?
True
Does 11 divide 459?
False
Does 10 divide 3640?
True
Does 31 divide 3629?
False
Is 18537 a multiple of 10?
False
Does 95 divide 53676?
False
Does 111 divide 28971?
True
Does 11 divide 5929?
True
Is 64076 a multiple of 191?
False
Is 2640 a multiple of 30?
True
Is 414 a multiple of 18?
True
Does 37 divide 2363?
False
Does 9 divide 4635?
True
Does 59 divide 1852?
False
Does 16 divide 3648?
True
Is 12348 a multiple of 84?
True
Does 300 divide 160200?
True
Is 70 a factor of 47180?
True
Is 360 a multiple of 10?
True
Is 30 a factor of 2040?
True
Does 9 divide 1750?
False
Is 3 a factor of 1055?
False
Is 21 a multiple of 21?
True
Is 4 a factor of 33?
False
Does 17 divide 833?
True
Is 1297 a multiple of 6?
False
Does 99 divide 14454?
True
Is 2282 a multiple of 14?
True
Is 171 a multiple of 20?
False
Does 13 divide 9194?
False
Is 7 a factor of 14680?
False
Is 267 a multiple of 19?
False
Is 9 a factor of 3969?
True
Is 42 a factor of 12774?
False
Does 63 divide 19593?
True
Is 102 even?
True
Does 25 divide 3375?
True
Does 48 divide 3684?
False
Is 136 a factor of 70040?
True
Does 94 divide 2632?
True
Does 3 divide 1326?
True
Is 75 a factor of 10542?
False
Is 59976 a multiple of 32?
False
Is 18598 a multiple of 187?
False
Is 3 a factor of 1890?
True
Is 16 a factor of 1920?
True
Does 51 divide 3366?
True
Does 11 divide 8448?
True
Is 18718 a multiple of 12?
False
Is 112 a factor of 67951?
False
Is 12 a factor of 17?
False
Does 72 divide 3744?
True
Is 308 a multiple of 4?
True
Is 6 a factor of 35809?
False
Does 7 divide 511?
True
Does 27 divide 691